 y + 7. What is the units digit of g?
4
Let n(s) = s + 72. Let i be n(0). Suppose 5*k = 4*v - i, 0 = v + 2*v + 2*k - 31. What is the tens digit of v?
1
Suppose -22 = -5*a - 2. Suppose -l - a*l = -20. Suppose 8*v = l*s + 4*v - 16, -5*s = 5*v - 50. What is the units digit of s?
7
Suppose -3 - 2 = -5*p - 5*d, 0 = -2*p + 2*d + 2. What is the units digit of p?
1
Let x be (2/3)/((-1)/(-3)). Suppose 58 = 4*s + 2*g, -s - x*g + 18 = 2*g. What is the units digit of s?
4
What is the units digit of 3945/20 + 20/(-16)?
6
Suppose -4*i = -5*a - 30, 24 = -4*a - 5*i - 0*i. Let p(o) = o**2 + 6*o + 4. What is the units digit of p(a)?
4
Let t(h) = h**2 + 11*h + 12. What is the units digit of t(-10)?
2
Let u(k) = -2*k - 1. Let b be u(-3). Suppose -b*z + r + 73 = 0, -2*r - 1 - 5 = 0. What is the units digit of z?
4
Suppose 0 = -4*y - 3*c + 386, -c - 186 = -2*y + c. What is the units digit of y?
5
Suppose -1 + 5 = 4*c. Let t be c/4 + 76/16. Suppose 0*s + t*s - 35 = 0. What is the units digit of s?
7
Let r be -15*-3*(-2)/15. Let b = r - -6. Let u = 3 + b. What is the units digit of u?
3
Let s(a) = -a - 55. Let w be s(0). Let q be 2/(-6) + w/(-3). What is the units digit of (q/(-4))/(3/(-6))?
9
Suppose -2*j = -j - 5*p - 49, j = -4*p + 67. What is the units digit of j?
9
Suppose -2*p = -5*g + 9 + 14, 3*g = -2*p + 1. Let n be (2 - g)*(-7 - -2). Suppose -4*y - 5*j = -28, n*j = -0*y + 4*y + 12. What is the units digit of y?
2
Suppose -2*x + 4*x = 0. Suppose 0*l + 5*l - 11 = -n, n - 2*l + 17 = x. What is the units digit of 168/27 - (-2)/n?
6
Suppose -3*v = 2*s - 63, 5*s + 130 = -2*v + 7*v. What is the tens digit of v?
2
Suppose c - 4*c - 12 = 0. Let m = c - -6. Suppose 2*n + s + m = 7, -3*s = n - 10. What is the units digit of n?
1
Let u = 4 + -6. Let b be u/2*1*-3. Suppose -5 = -4*d + b. What is the units digit of d?
2
Let z(v) = v**2 + 6*v + 5. Let p be z(-6). Suppose 5*m - 5*r - 55 = p, 5*m = 4*r + 61. What is the tens digit of m?
1
Let m(i) = i**3 - 3*i**2 - 4*i - 6. Suppose 0*z = z - 5. Let x be m(z). Suppose 6*a - x = 2*a. What is the units digit of a?
6
What is the hundreds digit of (-4)/8*(-2 - 0 - 204)?
1
Let a(z) = z**3 + 10*z**3 + 3 - z**2 - 4*z**3 + z - 6*z**3. What is the units digit of a(3)?
4
Let a(m) = -m**2 + 4*m + 1. Let i be 1 + (3 - (1 + -1)). What is the units digit of a(i)?
1
Let w be 1*2 + (-62)/(-2). Suppose -w = -2*r - 3*u, r + u = -0*r + 14. What is the units digit of r?
9
Let x(n) = -n**3 + 3*n**2 - 4*n + 2. Let k be x(3). Let y = 0 - k. What is the tens digit of y?
1
Let w = 8 - 5. Suppose 0 = -w*y + 47 - 8. What is the units digit of y?
3
Suppose -4*s = 5*m - 77, 5*m + 4*s = 3*s + 83. Let h = -4 + m. What is the tens digit of h?
1
Let f be ((-6)/9)/(4/(-18)). Let k(m) = -m**2 + f*m + 0 + 2*m**2 + 6*m + 8. What is the units digit of k(-9)?
8
Let z = -4 - -2. Let y(t) = -2*t + 4. What is the units digit of y(z)?
8
Suppose 16*z - 111 = 561. What is the tens digit of z?
4
Let d = -5 + 6. What is the tens digit of (-2 - d) + 1 + 13?
1
Suppose 0 = 4*c - 9 - 59. What is the units digit of c?
7
Let k(b) = 3*b**2 - 8*b + 8. Let n be k(6). Suppose -2*h - 2*h + n = 0. What is the units digit of h?
7
Let p be 0 + 1 + 3/(-1). What is the units digit of ((-28)/(-8))/((-1)/p)?
7
Suppose -1 = 4*n - 13. Let c = n + -2. What is the units digit of 8*(1/2)/c?
4
Let d(o) = -o**3 + 7*o**2 - 5*o - 1. Let i be d(6). Suppose -57 - 23 = -i*z. What is the units digit of z?
6
Let d(q) = q**2 - 3*q + 175. What is the tens digit of d(0)?
7
Suppose -4*x = -0*x - 5*c + 32, 2*x - 6 = -3*c. Let d = 5 + x. What is the units digit of d?
2
Let k = -23 - -97. What is the tens digit of k?
7
Let c be 2/3 - (-49)/21. Suppose -2 = -c*i - 11. Let m = i + 4. What is the units digit of m?
1
Let f = -6 + 10. Suppose -f*p = -2*p - 22. What is the units digit of p?
1
Suppose -d - 138 = -4*u - 6*d, 0 = -d + 2. What is the units digit of u?
2
Suppose -2*m - 9 + 23 = 0. Let w = -1 + m. What is the units digit of w?
6
Let q(d) be the second derivative of d**4/12 - d**3 + 5*d**2/2 + 3*d. What is the tens digit of q(8)?
2
Let x(s) = 2*s**2 - 24*s + 7. What is the hundreds digit of x(16)?
1
Suppose 0 = o + 3*o - 68. Let s be 1/(-4) - 329/28. Let l = o + s. What is the units digit of l?
5
Let m(i) = 3*i**3 + 3*i**2 + 7*i - 2. What is the hundreds digit of m(4)?
2
Suppose -4*w + 162 = -3*w. What is the tens digit of w?
6
Let x be 2/6 - (-145)/15. Suppose q + 3*l - 30 = 0, -2*l = -12 + 2. Let f = q - x. What is the units digit of f?
5
Suppose -f - 2*u = -0*f - 10, -4*f + 5*u - 25 = 0. Let p be -4 + 0 + (f - -1). Let y = p - -4. What is the units digit of y?
1
Suppose 3*b - 11 = 3*d + 25, -5*b + 54 = -3*d. What is the units digit of b?
9
Let a(k) = -k**3 + 4*k**2. Let j be a(4). Suppose 24 = -j*f + 2*f. What is the tens digit of f?
1
Suppose -27*t = -22*t - 25. What is the units digit of t?
5
Let v(s) = s**3 - 9*s**2 - 9*s - 7. Let x be v(10). Suppose -x*j = 2*f - 1 - 9, -3*j + 2 = f. What is the units digit of f?
8
Suppose -17 = -3*c + 5*k, -5*k - 2 = -2*c - 4*k. Let h = 9 + c. What is the units digit of h?
8
Let k = -27 - -72. What is the units digit of k?
5
Let q be (-1 - -1)*(-3)/6. Let c = q + 1. Let s = c - -1. What is the units digit of s?
2
Let h be (10/(-8))/((-4)/(-16)). Let r(v) = -13*v - 9. What is the units digit of r(h)?
6
Let u = 5 - 2. Suppose u*a = 2*o - 41, -5*o + a = -86 - 10. What is the units digit of o?
9
Let n = 8 + 2. Suppose -n*j + 88 = -6*j. What is the tens digit of j?
2
Suppose -h = -0*h. Let o = h + 13. What is the units digit of o?
3
Let p(j) = 5*j**2 + 2*j + 1. Let g(c) = 14*c**2 + 5*c + 4. Let t(r) = -2*r + 4. Let q be t(5). Let m(n) = q*g(n) + 17*p(n). What is the units digit of m(-7)?
4
Suppose 480 + 261 = 3*u. What is the units digit of u?
7
Let t(a) = -a + 16. What is the units digit of t(8)?
8
Let i(p) = -p**2 + p - 1. Suppose 2*t + 8 = 0, 3*v + 0*t - 17 = 2*t. Let o be i(v). Let b = 8 + o. What is the units digit of b?
1
Let u(a) = 2 - 2*a**3 + a**3 + 0*a**3 - 3*a + 4*a**2. What is the units digit of u(3)?
2
Suppose 0*w + 4*w - 20 = 0. Suppose m - b - b = 11, 3*m - w*b - 37 = 0. What is the tens digit of m?
1
Let v = -9 + 64. What is the tens digit of v?
5
Let o(w) be the second derivative of -w**3/6 + 5*w**2/2 - w. What is the units digit of o(-6)?
1
What is the hundreds digit of (384/(-20))/(6/(-40))?
1
Suppose 0 = -d + 2 - 0. Let c = d + 16. What is the tens digit of c?
1
Let q(f) = f**3. Let r(j) = -3*j**3 + j**2 - 5*j - 5. Let p(n) = -4*q(n) - r(n). What is the units digit of p(-4)?
3
Let j = 5 - 0. Suppose 20 = 4*l - 2*g, 5*l = j*g + 15 + 20. Suppose -2*k = l*r + 4, -24 = -2*k + 5*r + 4. What is the units digit of k?
4
Let k be 10/10*(-1 - 1). What is the tens digit of 11 + (k - (-9)/3)?
1
Let r(u) = 2*u - 10. Let n be r(7). Suppose 0 = -4*s + n*p + 60, 78 + 25 = 5*s + 2*p. Suppose 5*g = -3*q - q + 54, q + 4*g = s. What is the units digit of q?
1
Suppose -17 + 1 = -4*b. Suppose a + b*a = 50. Suppose -a - 2 = -4*d. What is the units digit of d?
3
Let t(v) = v + 5. Let j be t(0). Suppose -16 = -2*u - 4*l, 3*l - 6 = -u + 6. Suppose -5*a + j = -u*a. What is the units digit of a?
1
Suppose 0 = 5*b - 2*c - 89 + 12, 3*b - 41 = -4*c. Suppose 3*r = 8*r - b. Let d = 6 - r. What is the units digit of d?
3
Suppose 5*m = -3*s + 3*m + 1022, 2*s = -2*m + 680. What is the tens digit of s?
4
Let v = 1 - -3. Let m = v - -18. What is the tens digit of m?
2
Let o(v) = 2*v. Let z be o(2). Suppose 2*g - 9 = -3*k + 4*k, 4*k = -z. Suppose -a = g*a - 55. What is the tens digit of a?
1
Suppose 0*l - 4 = -l. Suppose 4*z + 2 = 5*a - 69, -56 = -l*a + 3*z. What is the units digit of a?
1
Suppose 12 = -4*v + 2*v. Let c(u) = -13*u + 1. Let d be c(v). Suppose 4*t = -27 + d. What is the tens digit of t?
1
Suppose 2*a - v = 139, 14 = 3*a + 3*v - 172. Suppose -3*f + a = 3*m - 104, 2*f = -5*m + 105. Suppose 3*i = -i + f. What is the units digit of i?
5
What is the units digit of (-24 + 21)/((-1)/3)?
9
Suppose -5*m + 12 = 4*c, -2*m + c = -5*m + 10. Suppose 2*k - 12 = m. What is the units digit of k?
8
Suppose -4*r + 4*g = r + 18, -12 = 3*r - 3*g. Let m be 4*((-5)/r)/5. What is the units digit of 11 + -6 + 2/m?
6
Let o be (22 + -1)*(-12 - -6). Let h = -89 - o. What is the units digit of h?
7
